 be 23/(v/(-22)*-1). Suppose g - 4*h - 66 = 0, 4*h + h + p = 4*g. What are the prime factors of g?
2, 31
Let r(j) = 31*j + 5360. What are the prime factors of r(0)?
2, 5, 67
Suppose -2*a = -853 + 295. What are the prime factors of a?
3, 31
Let w(q) = 27*q**3 - 4*q**2 + 5*q. Let y be w(2). Let l = -148 + y. What are the prime factors of l?
2, 31
Let m(i) = -i**2 + 23*i + 59. What are the prime factors of m(9)?
5, 37
Suppose -5*q + 547 = 202. List the prime factors of q.
3, 23
Let t be (-26)/6 - 7/(-21). Let q(u) = u**2 + 4*u + 2. Let c be q(t). Suppose p - 90 = -c*v, -2*p = -4*v - 55 - 93. List the prime factors of p.
2, 41
Let m(x) be the second derivative of 0 + 1/20*x**5 - 5*x + 3*x**2 - 11/6*x**3 + 3/4*x**4. What are the prime factors of m(-10)?
2
Let v be (1 - (-2 - -6)) + (-2 - 1). Let r(c) be the second derivative of c**5/20 + 2*c**4/3 + 2*c**3/3 - 2*c**2 + c. List the prime factors of r(v).
2, 11
Suppose 0 = 4*r + 18 + 6. Let o(c) = -19*c - 10. List the prime factors of o(r).
2, 13
Let q = 1367 - 791. What are the prime factors of q?
2, 3
Let m = 2 + -2. Let r(n) = -35*n**3 + 5*n**2 + n - 3. Let t be r(-2). Suppose -5*l = 4*g - t, -4*l + 3*g + 205 = -m*l. What are the prime factors of l?
5, 11
Suppose -r - t = 3*r - 1824, 3*t + 1840 = 4*r. Suppose 7*n - r = 243. List the prime factors of n.
2, 5
Let y(p) = -p**2 - 13*p - 12. Let s be y(-12). Suppose 6*o - 3*o - b - 122 = s, -o - 2*b + 29 = 0. What are the prime factors of o?
3, 13
Suppose 2*m + 1 - 7 = 0. Let c be (-20)/m + (-4)/(-6). Let q(d) = d**2 + 6*d + 7. What are the prime factors of q(c)?
7
Suppose -2*r - 4 = -4*r. Suppose 3*s = 2*d + 66 + 118, 64 = s - r*d. What are the prime factors of s?
2, 3, 5
Suppose -2*p - 4416 = -14*p. List the prime factors of p.
2, 23
List the prime factors of (-187 + 1)*152/(-114).
2, 31
Let p be (0 - 9)*50/15. Let h = -50 - -5. Let j = p - h. List the prime factors of j.
3, 5
Let z be 3 + -14*3/6. Let s = -1 - z. Let u(m) = 2*m**2 + 2*m + 2. What are the prime factors of u(s)?
2, 13
Suppose -4*m + b = -102, -4*m + 0*b - b = -106. Let g = -37 + m. Let y(u) = -3*u - 7. What are the prime factors of y(g)?
2, 13
Suppose -v = -4*o - 4, v - 5*o - 6 = -2. Suppose 44 = -v*y + 328. List the prime factors of y.
71
Suppose -3551 = -3*x - 2*b, -4*x - 5*b = -6*b - 4720. List the prime factors of x.
1181
Suppose -5453 = -148*i + 141*i. What are the prime factors of i?
19, 41
Let j = 71 - -27. Let w = j + -41. What are the prime factors of w?
3, 19
Let d(o) be the third derivative of o**6/120 + o**5/5 - 3*o**4/4 - 19*o**3/6 + 14*o**2. List the prime factors of d(-13).
2, 23
Let u be (-5397)/(-35) - (-1)/(-5). Suppose -7*y - u = -1659. Let m = y + -147. List the prime factors of m.
2, 17
Let t be (-190)/(-40) - 3/(-12). Suppose -9*r = -t*r - 368. List the prime factors of r.
2, 23
Let f = -9 - -11. Suppose f*h = h + 5. What are the prime factors of (-1 + -30)*(h - 6)?
31
Let u = 614 - 17. What are the prime factors of u?
3, 199
Let d = 73 + -25. List the prime factors of (3 + -8)/((-4)/d).
2, 3, 5
Suppose -2*n - 5490 = -8*n. List the prime factors of n.
3, 5, 61
Let c(i) = 10*i - 2. Let q be c(1). Let o(j) = -j**3 + 9*j**2 - 7*j - 7. Let x be o(q). Suppose d - 10 = -x. What are the prime factors of d?
3
Suppose 0*u = -2*u + 4. Suppose 8 = -u*k - 0*k. List the prime factors of (k/(-6))/((-2)/(-24)).
2
Let n = 5879 + -2642. List the prime factors of n.
3, 13, 83
Suppose -18*o = -85 + 13. Suppose 0 = 3*h - 0*m - m - 230, -o*h + 275 = 5*m. What are the prime factors of h?
3, 5
Let c = 23 + -41. Let j be 3 + (-11)/33 + 107/(-3). Let b = c - j. What are the prime factors of b?
3, 5
Let j = -5 - -13. Let z = j - 5. List the prime factors of z - (-2 + 2 + -12).
3, 5
Suppose 2*p = -j + 571, 0 = -3*p + 2*j + 948 - 95. What are the prime factors of p?
3, 5, 19
List the prime factors of 6 + -19 + 14 + (-804)/(-2).
13, 31
Suppose 14*d - 12228 - 5986 = 0. List the prime factors of d.
1301
Suppose 3*f - 43 + 7 = 0. Suppose -4*c = -7*c + f. Suppose -5*s = 3*h + 2*h - 190, c*h + 192 = 4*s. List the prime factors of s.
43
List the prime factors of ((-8)/(-6))/(-9*(-40)/348030).
1289
Let m be (-2)/(6/555 - 0/(-5)). Let h = 80 - m. List the prime factors of h.
5, 53
Let f be (405/30)/((-1)/(-88)). Suppose 6*c - f = 546. What are the prime factors of c?
17
List the prime factors of (-6)/4*2/3 - -2520.
11, 229
Suppose 3*j = -4*l + 14034, 3*l - 6*j = -8*j + 10525. List the prime factors of l.
3, 7, 167
Let t be 4 - (-16)/12*-3. Suppose t = 6*l - 2*l - z - 407, -206 = -2*l - 2*z. List the prime factors of l.
2, 3, 17
Suppose 0 = -5*s + 20, s - 3499 = -74*b + 69*b. List the prime factors of b.
3, 233
Let i(u) = u**3 - u**2 + 4*u + 2. Let k be i(-2). Let s = 20 + k. List the prime factors of s.
2
Let o be (-5 - 2)*18/(-63). Suppose o*u = -3*u + 10. Suppose 3*h = -4*w + 109, u*h + 3*w - 56 = 17. What are the prime factors of h?
5, 7
Let h be (-1)/((-12)/8 + 1). Suppose -3*c - h*c - 19 = -4*v, v - c = 4. Let t(b) = 74*b**2 - 2*b + 3. What are the prime factors of t(v)?
3, 5
Suppose -5*u + 14 + 36 = 0. Suppose -u = 2*m - 2. What are the prime factors of ((-9)/m)/(3/84)?
3, 7
Suppose 11*t - 5*t = 10734. List the prime factors of t.
1789
Suppose 0 = 3*v + 313 - 1861. What are the prime factors of v?
2, 3, 43
Suppose 1090*y = 1095*y - 7070. List the prime factors of y.
2, 7, 101
Let c = 22 - 16. Let p = -8 + c. What are the prime factors of (-2016)/(-70) + p/(-10)?
29
Suppose 0 = 30*b + 26*b - 52696. List the prime factors of b.
941
List the prime factors of (1687 - (-11)/(-11)) + -11.
5, 67
Suppose 0 = -3*z - 0*l + 4*l + 198, 2*l + 6 = 0. Suppose -2*a + z = -270. What are the prime factors of a?
2, 83
Suppose -19*x = 2*x - 14175. List the prime factors of x.
3, 5
Let d be (-3 + 324/20)*35. Suppose -4*u + 131 = 3*h - 217, 3*h = 5*u - d. What are the prime factors of u?
2, 3, 5
Suppose -11*q + 2*q - 774 = 0. Let r = -44 - q. What are the prime factors of r?
2, 3, 7
Let o be 2 + -2 + 0 - -3. Suppose 3*t - 35 = o*r + 142, 5*t - 289 = 3*r. What are the prime factors of t?
2, 7
Let z(p) = -p**2 + 16*p - 4. Let w = 18 - 5. Let s be z(w). Let b = 83 - s. List the prime factors of b.
2, 3
Suppose 2*x - 9 = -x. Let b(u) be the first derivative of u**4/2 - 5*u**3/3 + u**2 + 3*u - 1. What are the prime factors of b(x)?
2, 3
Let x(h) = 35*h**2 + 19*h - 17. List the prime factors of x(3).
5, 71
Let j(z) = 29*z**3 - 3*z**2 + 2*z - 3. Let n be 1 - ((2 - -1) + -4). Let r be j(n). What are the prime factors of 713/13 - (-34)/r?
5, 11
Suppose 2*z - 6050 = -3*z - j, j + 1210 = z. What are the prime factors of z?
2, 5, 11
Let p = -30 - -42. Suppose 0 = 3*z - g - 24, 4*g + 0*g = -p. List the prime factors of z.
7
Let o = 82 + -79. Suppose 3*d - 370 = -o*l + 152, -5*l = -4*d + 687. What are the prime factors of d?
173
Let i(x) = -2*x**3 + 10*x**2 + 3. Let n be i(5). Suppose -d - n*d = -92. List the prime factors of d.
23
Let n = 6 + -2. Let m(v) = -5*v - 31. Let h be m(-12). Suppose -3*k - h = -n*k. What are the prime factors of k?
29
Let o(c) be the first derivative of 3*c**4/4 - 5*c**3/3 + 2*c**2 + 6*c + 13. List the prime factors of o(3).
2, 3
Let c(s) = s + 1. Let v be c(2). Let q(z) = -5*z**3 + 35 + 5*z + 4*z**2 - 32 + 4*z**v. What are the prime factors of q(5)?
3
List the prime factors of (260/25)/((-6)/(-255)).
2, 13, 17
What are the prime factors of (-19)/133 - (-47296)/28?
3, 563
Let h(x) = -21*x**2 + x - 1. Let t be h(3). Let b = -60 - t. List the prime factors of b.
127
Let j(a) be the third derivative of -a**7/840 - a**6/720 - a**5/12 - 3*a**2. Let l(v) be the third derivative of j(v). What are the prime factors of l(-4)?
23
Suppose 4*c + z + 17 = 0, c + 5 = 6*c - 4*z. List the prime factors of 62 - (-2 + (c - -9)).
2, 29
Suppose -3*m = -26*g + 21*g + 33, 0 = -5*g - 2*m + 53. Let z(w) = 4*w + 1. Let d be z(5). Let f = d - g. What are the prime factors of f?
2, 3
Suppose 0 = 3*w - 5*n - 7 - 138, w + 2*n = 52. Suppose -2*z + 0*z + 5*d + 53 = 0, 4*z - 4*d - 124 = 0. Let q = w - z. List the prime factors of q.
2
Let c(a) be the first derivative of 19*a**4/2 - a**3/3 + a - 3. Let h be (-1)/12*(0 - 3)*4. What are the prime factors of c(h)?
2, 19
Let o be (-6)/(-10) + 47800/125. Let q = o - 165. List the prim